{"id":31604,"date":"2026-01-28T20:01:27","date_gmt":"2026-01-28T23:01:27","guid":{"rendered":"https:\/\/conexaototalmkt.tk\/luarmeu\/?post_type=product&#038;p=31604"},"modified":"2026-01-28T20:41:44","modified_gmt":"2026-01-28T23:41:44","slug":"perfume-arabe-yara-100ml-feminino","status":"publish","type":"product","link":"https:\/\/conexaototalmkt.tk\/luarmeu\/produto\/perfume-arabe-yara-100ml-feminino\/","title":{"rendered":"Perfume Arabe Yara 100ml Feminino"},"content":{"rendered":"<p class=\"QN2lPu\">Experimente a Magia do Perfume Gourmand com Toques Tropicais: Um Spray de Sensa\u00e7\u00f5es \u00danicas!<\/p>\n<p class=\"QN2lPu\">\n<p class=\"QN2lPu\">\n<p class=\"QN2lPu\">Deixe-se envolver pela sofistica\u00e7\u00e3o e pelo toque sedutor do nosso perfume gourmand, uma verdadeira joia dos Emirados \u00c1rabes Unidos, lan\u00e7ada em 2022. Combinando notas ricas e complexas, esta fragr\u00e2ncia \u00e9 um convite irresist\u00edvel ao luxo e \u00e0 eleg\u00e2ncia.<\/p>\n<p class=\"QN2lPu\">\n<p class=\"QN2lPu\">\n<p class=\"QN2lPu\">Por Que Escolher Este Perfume?<\/p>\n<p class=\"QN2lPu\">Notas de Topo Encantadoras: A combina\u00e7\u00e3o inicial de heliotropo, orqu\u00eddea e tangerina cria uma abertura vibrante e floral, com um toque c\u00edtrico que refresca e desperta os sentidos.<\/p>\n<p class=\"QN2lPu\">Cora\u00e7\u00e3o Gourmand e Tropical: No cora\u00e7\u00e3o da fragr\u00e2ncia, um delicioso acorde gourmand se mistura com notas tropicais, trazendo uma do\u00e7ura envolvente e ex\u00f3tica que transforma o perfume em uma experi\u00eancia sensorial \u00fanica e inesquec\u00edvel.<\/p>\n<p class=\"QN2lPu\">Fundo Aconchegante e Sofisticado: As notas de fundo de alm\u00edscar, baunilha e s\u00e2ndalo adicionam um toque de calor e profundidade, garantindo um rastro duradouro e sofisticado que marca presen\u00e7a sem ser avassalador.<\/p>\n<p class=\"QN2lPu\">Sinta-se \u00danica com um Perfume Livre de Crueldade e Vegano! Formulado sem crueldade e adequado para veganos, este perfume \u00e9 perfeito para quem valoriza o cuidado com o meio ambiente e o bem-estar animal, sem comprometer a qualidade e a excel\u00eancia da fragr\u00e2ncia.<\/p>\n<p class=\"QN2lPu\">Deixe-se Encantar com Cada Borrifada! Ideal para todas as ocasi\u00f5es, este perfume \u00e9 o companheiro perfeito para quem deseja destacar sua personalidade com eleg\u00e2ncia e charme. Se entregue ao aroma inconfund\u00edvel e viva a experi\u00eancia de se sentir verdadeiramente inesquec\u00edvel!<\/p>\n","protected":false},"excerpt":{"rendered":"<p>Experimente a Magia do Perfume Gourmand com Toques Tropicais: Um Spray de Sensa\u00e7\u00f5es \u00danicas! Deixe-se envolver pela sofistica\u00e7\u00e3o e pelo<\/p>\n","protected":false},"featured_media":31605,"comment_status":"open","ping_status":"closed","template":"","meta":[],"product_brand":[],"product_cat":[4285,4288,4301],"product_tag":[],"class_list":{"0":"post-31604","1":"product","2":"type-product","3":"status-publish","4":"has-post-thumbnail","6":"product_cat-cosmeticos","7":"product_cat-perfumes","8":"product_cat-promocao","10":"first","11":"instock","12":"sale","13":"shipping-taxable","14":"purchasable","15":"product-type-simple"},"_links":{"self":[{"href":"https:\/\/conexaototalmkt.tk\/luarmeu\/wp-json\/wp\/v2\/product\/31604","targetHints":{"allow":["GET"]}}],"collection":[{"href":"https:\/\/conexaototalmkt.tk\/luarmeu\/wp-json\/wp\/v2\/product"}],"about":[{"href":"https:\/\/conexaototalmkt.tk\/luarmeu\/wp-json\/wp\/v2\/types\/product"}],"replies":[{"embeddable":true,"href":"https:\/\/conexaototalmkt.tk\/luarmeu\/wp-json\/wp\/v2\/comments?post=31604"}],"version-history":[{"count":1,"href":"https:\/\/conexaototalmkt.tk\/luarmeu\/wp-json\/wp\/v2\/product\/31604\/revisions"}],"predecessor-version":[{"id":31606,"href":"https:\/\/conexaototalmkt.tk\/luarmeu\/wp-json\/wp\/v2\/product\/31604\/revisions\/31606"}],"wp:featuredmedia":[{"embeddable":true,"href":"https:\/\/conexaototalmkt.tk\/luarmeu\/wp-json\/wp\/v2\/media\/31605"}],"wp:attachment":[{"href":"https:\/\/conexaototalmkt.tk\/luarmeu\/wp-json\/wp\/v2\/media?parent=31604"}],"wp:term":[{"taxonomy":"product_brand","embeddable":true,"href":"https:\/\/conexaototalmkt.tk\/luarmeu\/wp-json\/wp\/v2\/product_brand?post=31604"},{"taxonomy":"product_cat","embeddable":true,"href":"https:\/\/conexaototalmkt.tk\/luarmeu\/wp-json\/wp\/v2\/product_cat?post=31604"},{"taxonomy":"product_tag","embeddable":true,"href":"https:\/\/conexaototalmkt.tk\/luarmeu\/wp-json\/wp\/v2\/product_tag?post=31604"}],"curies":[{"name":"wp","href":"https:\/\/api.w.org\/{rel}","templated":true}]}}