{"id":12,"date":"2023-02-04T17:57:20","date_gmt":"2023-02-04T20:57:20","guid":{"rendered":"https:\/\/conexaototalmkt.tk\/luarmeu\/?page_id=12"},"modified":"2023-02-04T19:32:29","modified_gmt":"2023-02-04T22:32:29","slug":"reembolso_devolucoes","status":"publish","type":"page","link":"https:\/\/conexaototalmkt.tk\/luarmeu\/reembolso_devolucoes\/","title":{"rendered":"Pol\u00edtica de reembolso e devolu\u00e7\u00f5es"},"content":{"rendered":"\t\t<div data-elementor-type=\"wp-page\" data-elementor-id=\"12\" class=\"elementor elementor-12\" data-elementor-post-type=\"page\">\n\t\t\t\t\t\t<section class=\"elementor-section elementor-top-section elementor-element elementor-element-25a6d3de elementor-section-boxed elementor-section-height-default elementor-section-height-default wd-section-disabled\" data-id=\"25a6d3de\" data-element_type=\"section\" data-e-type=\"section\">\n\t\t\t\t\t\t<div class=\"elementor-container elementor-column-gap-default\">\n\t\t\t\t\t<div class=\"elementor-column elementor-col-100 elementor-top-column elementor-element elementor-element-788b8a4c\" data-id=\"788b8a4c\" data-element_type=\"column\" data-e-type=\"column\">\n\t\t\t<div class=\"elementor-widget-wrap elementor-element-populated\">\n\t\t\t\t\t\t<div class=\"elementor-element elementor-element-7359800c color-scheme-inherit text-left elementor-widget elementor-widget-text-editor\" data-id=\"7359800c\" data-element_type=\"widget\" data-e-type=\"widget\" data-widget_type=\"text-editor.default\">\n\t\t\t\t<div class=\"elementor-widget-container\">\n\t\t\t\t\t\t\t\t\t<h3>Pol\u00edtica de Reembolso<\/h3>\n<p>Nossa pol\u00edtica de reembolso e devolu\u00e7\u00e3o dura 30 dias.\u00a0Se 30 dias se passaram desde a sua compra, n\u00e3o podemos oferecer um reembolso total ou troca.<\/p>\n<p>Trabalhamos com diversos fornecedores de v\u00e1rios lugares internacionais e nacionais, por isso qualquer problema entre em contato com nossa loja para mais informa\u00e7\u00f5es.<\/p>\n<p>Entre em contato com nosso atendimento via contato e-mail especificando o ocorrido e detalhando sua devolu\u00e7\u00e3o.<\/p>\n<p>Para ser eleg\u00edvel para uma devolu\u00e7\u00e3o, seu item deve estar sem uso e nas mesmas condi\u00e7\u00f5es em que voc\u00ea o recebeu. Tamb\u00e9m deve estar embalado corretamente, de prefer\u00eancia como recebeu na mesma embalagem.<\/p>\n<p>V\u00e1rios tipos de mercadorias est\u00e3o isentos de devolu\u00e7\u00e3o.\u00a0Bens perec\u00edveis como alimentos, flores, jornais ou revistas n\u00e3o podem ser devolvidos.\u00a0<br \/>Tamb\u00e9m n\u00e3o aceitamos produtos que sejam artigos \u00edntimos ou sanit\u00e1rios, materiais perigosos ou l\u00edquidos ou gases inflam\u00e1veis.<\/p>\n<p><strong>Por favor, n\u00e3o devolva a sua compra ao fabricante.<\/strong><\/p>\n<h2>Reembolsos<\/h2>\n<p>Assim que sua devolu\u00e7\u00e3o for recebida e inspecionada, enviaremos um e-mail para notific\u00e1-lo de que recebemos o item devolvido.\u00a0Tamb\u00e9m o notificaremos sobre a aprova\u00e7\u00e3o ou rejei\u00e7\u00e3o do seu reembolso.<\/p>\n<p>Se voc\u00ea for aprovado, seu reembolso ser\u00e1 processado e um cr\u00e9dito ser\u00e1 automaticamente aplicado ao seu cart\u00e3o de cr\u00e9dito ou m\u00e9todo de pagamento original, dentro de um determinado per\u00edodo de dias.<\/p>\n<p><b>Reembolsos atrasados ou ausentes<\/b><\/p>\n<p>Se voc\u00ea ainda n\u00e3o recebeu um reembolso, primeiro verifique sua conta banc\u00e1ria novamente.<\/p>\n<p>Em seguida, entre em contato com a administradora do cart\u00e3o de cr\u00e9dito, pode levar algum tempo at\u00e9 que seu reembolso seja oficialmente postado.<\/p>\n<p>Em seguida, entre em contato com seu banco.\u00a0Muitas vezes, h\u00e1 algum tempo de processamento antes que um reembolso seja postado.<\/p>\n<p>Se voc\u00ea j\u00e1 fez tudo isso e ainda n\u00e3o recebeu seu reembolso, entre em contato conosco via e-mail.<\/p>\n<h2>Trocas<\/h2>\n<p>S\u00f3 substitu\u00edmos itens se estiverem com defeito ou danificados. Se voc\u00ea precisar troc\u00e1-lo pelo mesmo item, envie-nos um e-mail detalhando o ocorrido com anexo de fotos do produto.<\/p>\n<h2>Envio de devolu\u00e7\u00f5es<\/h2>\n<p>Para devolver seu produto, voc\u00ea deve enviar um e-mail para nossa loja que retornamos para mais informa\u00e7\u00f5es.<\/p>\n<p>Voc\u00ea ser\u00e1 respons\u00e1vel por pagar seus pr\u00f3prios custos de envio para devolver seu item.\u00a0Os custos de envio n\u00e3o s\u00e3o reembols\u00e1veis.\u00a0Se voc\u00ea receber um reembolso, o custo do frete de retorno ser\u00e1 deduzido do seu reembolso.<\/p>\n<p>Dependendo de onde voc\u00ea mora, o tempo que pode levar para o produto trocado chegar at\u00e9 voc\u00ea pode variar.<\/p>\n<p>Se voc\u00ea estiver devolvendo itens mais caros, considere usar um servi\u00e7o de remessa rastre\u00e1vel ou adquirir um seguro de remessa.\u00a0N\u00e3o garantimos que receberemos o item devolvido.<\/p>\n<h2>Preciso de ajuda?<\/h2>\n<p>Contacte-nos via e-mail para quest\u00f5es relacionadas com reembolsos e devolu\u00e7\u00f5es.<\/p>\t\t\t\t\t\t\t\t<\/div>\n\t\t\t\t<\/div>\n\t\t\t\t\t<\/div>\n\t\t<\/div>\n\t\t\t\t\t<\/div>\n\t\t<\/section>\n\t\t\t\t<\/div>\n\t\t","protected":false},"excerpt":{"rendered":"<p>Pol\u00edtica de Reembolso Nossa pol\u00edtica de reembolso e devolu\u00e7\u00e3o dura 30 dias.\u00a0Se 30 dias se passaram desde a sua compra,<\/p>\n","protected":false},"author":10,"featured_media":0,"parent":0,"menu_order":0,"comment_status":"closed","ping_status":"closed","template":"","meta":{"footnotes":""},"class_list":["post-12","page","type-page","status-publish","hentry"],"_links":{"self":[{"href":"https:\/\/conexaototalmkt.tk\/luarmeu\/wp-json\/wp\/v2\/pages\/12","targetHints":{"allow":["GET"]}}],"collection":[{"href":"https:\/\/conexaototalmkt.tk\/luarmeu\/wp-json\/wp\/v2\/pages"}],"about":[{"href":"https:\/\/conexaototalmkt.tk\/luarmeu\/wp-json\/wp\/v2\/types\/page"}],"author":[{"embeddable":true,"href":"https:\/\/conexaototalmkt.tk\/luarmeu\/wp-json\/wp\/v2\/users\/10"}],"replies":[{"embeddable":true,"href":"https:\/\/conexaototalmkt.tk\/luarmeu\/wp-json\/wp\/v2\/comments?post=12"}],"version-history":[{"count":9,"href":"https:\/\/conexaototalmkt.tk\/luarmeu\/wp-json\/wp\/v2\/pages\/12\/revisions"}],"predecessor-version":[{"id":11537,"href":"https:\/\/conexaototalmkt.tk\/luarmeu\/wp-json\/wp\/v2\/pages\/12\/revisions\/11537"}],"wp:attachment":[{"href":"https:\/\/conexaototalmkt.tk\/luarmeu\/wp-json\/wp\/v2\/media?parent=12"}],"curies":[{"name":"wp","href":"https:\/\/api.w.org\/{rel}","templated":true}]}}