{"id":17917,"date":"2023-08-03T08:21:08","date_gmt":"2023-08-03T11:21:08","guid":{"rendered":"https:\/\/conexaototalmkt.tk\/dropzone\/produto\/abridor-de-latas-eletrico-automatico\/"},"modified":"2023-08-03T08:32:19","modified_gmt":"2023-08-03T11:32:19","slug":"abridor-de-latas-eletrico-automatico","status":"publish","type":"product","link":"https:\/\/conexaototalmkt.tk\/dropzone\/produto\/abridor-de-latas-eletrico-automatico\/","title":{"rendered":"Abridor De Latas El\u00e9trico Autom\u00e1tico"},"content":{"rendered":"<div class=\"detailmodule_html\">\n<div class=\"detail-desc-decorate-richtext\">\n<div class=\"detailmodule_html\">\n<div class=\"detail-desc-decorate-richtext\">\n<div class=\"detailmodule_html\">\n<div class=\"detail-desc-decorate-richtext\">\n<div>\n<div>\n<h4>Abridor de Latas El\u00e9trico Autom\u00e1tico<\/h4>\n<p>O Abridor de Latas El\u00e9trico Autom\u00e1tico \u00e9 a solu\u00e7\u00e3o perfeita para quem busca praticidade e efici\u00eancia ao abrir latas de qualquer tamanho. Com esse incr\u00edvel utens\u00edlio, voc\u00ea pode dizer adeus aos abridores manuais e dar as boas-vindas a uma experi\u00eancia mais f\u00e1cil e r\u00e1pida na cozinha. Confira todas as caracter\u00edsticas desse produto que vai facilitar sua vida:<\/p>\n<p>\u2705 Abertura Eletr\u00f4nica: Esque\u00e7a o esfor\u00e7o de abrir latas com abridores manuais. Nosso Abridor de Latas El\u00e9trico permite abrir latas pressionando um simples bot\u00e3o verde e parar com apenas mais um toque. \u00c9 f\u00e1cil e pr\u00e1tico!<\/p>\n<p>\u2705 Port\u00e1til e F\u00e1cil de Usar: Com seu tamanho compacto, o abridor \u00e9 port\u00e1til e conveniente. Leve-o para onde quiser, seja em casa, durante um piquenique ou praticando esportes. Basta posicionar o abridor na lata que deseja abrir e apertar o bot\u00e3o.<\/p>\n<p>\u2705 Design Ajust\u00e1vel e Elegante: O design simples e elegante do produto combina com qualquer cozinha. Al\u00e9m disso, a abertura da engrenagem pode ser ajustada de acordo com suas prefer\u00eancias, proporcionando uma experi\u00eancia personalizada.<\/p>\n<p>\u2705 Borda Lisa e Segura: Feito com material ABS de alta qualidade, o Abridor de Latas El\u00e9trico utiliza um sistema de corte lateral inovador, removendo o topo das latas e criando uma tampa com borda lisa, que pode ser reutilizada para armazenamento.<\/p>\n<p>\u2705 Versatilidade de Uso: Ideal para uso em restaurantes, piqueniques e em casa, nosso abridor el\u00e9trico \u00e9 uma ferramenta profissional e segura. Al\u00e9m disso, \u00e9 uma escolha perfeita para presentear algu\u00e9m especial.<\/p>\n<p>\ud83d\udcd0 Especifica\u00e7\u00f5es:<\/p>\n<ul>\n<li>Tipo: Abridor de Latas El\u00e9trico<\/li>\n<li>Materiais: ABS de alta qualidade<\/li>\n<li>Tamanho: 10<em>6<\/em>18cm \/ 3,93<em>2,36<\/em>7,07 polegadas (L * W * H)<\/li>\n<li>Peso l\u00edquido: 339g \/ 11.96oz<\/li>\n<\/ul>\n<p>\ud83d\udd0b Dica Importante: O produto n\u00e3o acompanha baterias. Lembre-se de adquirir 2 pilhas AA para instalar e come\u00e7ar a usar esse utens\u00edlio incr\u00edvel!<\/p>\n<p>Simplifique seu dia a dia na cozinha com o Abridor de Latas El\u00e9trico Autom\u00e1tico. Garanta o seu agora mesmo e desfrute de toda a praticidade que ele oferece!<\/p>\n<div>\n<img fetchpriority=\"high\" decoding=\"async\" class=\"aligncenter\" src=\"https:\/\/ae01.alicdn.com\/kf\/S4d6a650f922241b5a5b2d5373b364419F.jpg\" width=\"944\" height=\"944\" \/><\/p>\n<\/div>\n<div style=\"text-align: start;\" align=\"start\"><img decoding=\"async\" class=\"aligncenter\" src=\"https:\/\/ae01.alicdn.com\/kf\/Sc7ef8d675e494aca9e52b539a68252e6K.jpg\" width=\"944\" height=\"944\" \/><\/div>\n<\/div>\n<\/div>\n<\/div>\n<\/div>\n<\/div>\n<\/div>\n<\/div>\n<\/div>\n","protected":false},"excerpt":{"rendered":"<p>Abridor de Latas El\u00e9trico Autom\u00e1tico O Abridor de Latas El\u00e9trico Autom\u00e1tico \u00e9 a solu\u00e7\u00e3o perfeita para quem busca praticidade e<\/p>\n","protected":false},"featured_media":17922,"comment_status":"open","ping_status":"closed","template":"","meta":[],"product_brand":[],"product_cat":[20,220,224],"product_tag":[],"class_list":{"0":"post-17917","1":"product","2":"type-product","3":"status-publish","4":"has-post-thumbnail","6":"product_cat-casa-e-decoracao","7":"product_cat-descobertas","8":"product_cat-utensilios","10":"first","11":"instock","12":"sale","13":"shipping-taxable","14":"purchasable","15":"product-type-variable"},"_links":{"self":[{"href":"https:\/\/conexaototalmkt.tk\/dropzone\/wp-json\/wp\/v2\/product\/17917","targetHints":{"allow":["GET"]}}],"collection":[{"href":"https:\/\/conexaototalmkt.tk\/dropzone\/wp-json\/wp\/v2\/product"}],"about":[{"href":"https:\/\/conexaototalmkt.tk\/dropzone\/wp-json\/wp\/v2\/types\/product"}],"replies":[{"embeddable":true,"href":"https:\/\/conexaototalmkt.tk\/dropzone\/wp-json\/wp\/v2\/comments?post=17917"}],"version-history":[{"count":2,"href":"https:\/\/conexaototalmkt.tk\/dropzone\/wp-json\/wp\/v2\/product\/17917\/revisions"}],"predecessor-version":[{"id":17929,"href":"https:\/\/conexaototalmkt.tk\/dropzone\/wp-json\/wp\/v2\/product\/17917\/revisions\/17929"}],"wp:featuredmedia":[{"embeddable":true,"href":"https:\/\/conexaototalmkt.tk\/dropzone\/wp-json\/wp\/v2\/media\/17922"}],"wp:attachment":[{"href":"https:\/\/conexaototalmkt.tk\/dropzone\/wp-json\/wp\/v2\/media?parent=17917"}],"wp:term":[{"taxonomy":"product_brand","embeddable":true,"href":"https:\/\/conexaototalmkt.tk\/dropzone\/wp-json\/wp\/v2\/product_brand?post=17917"},{"taxonomy":"product_cat","embeddable":true,"href":"https:\/\/conexaototalmkt.tk\/dropzone\/wp-json\/wp\/v2\/product_cat?post=17917"},{"taxonomy":"product_tag","embeddable":true,"href":"https:\/\/conexaototalmkt.tk\/dropzone\/wp-json\/wp\/v2\/product_tag?post=17917"}],"curies":[{"name":"wp","href":"https:\/\/api.w.org\/{rel}","templated":true}]}}