{"id":17641,"date":"2023-08-01T18:03:22","date_gmt":"2023-08-01T21:03:22","guid":{"rendered":"https:\/\/conexaototalmkt.tk\/dropzone\/produto\/aspirador-de-po-sem-fio-para-carro-storm-suction-95000pa\/"},"modified":"2023-08-02T06:06:59","modified_gmt":"2023-08-02T09:06:59","slug":"aspirador-de-po-sem-fio-para-carro-storm-suction-95000pa","status":"publish","type":"product","link":"https:\/\/conexaototalmkt.tk\/dropzone\/produto\/aspirador-de-po-sem-fio-para-carro-storm-suction-95000pa\/","title":{"rendered":"Aspirador de P\u00f3 Sem Fio para Carro Storm Suction 95000PA"},"content":{"rendered":"<div class=\"product-specs-list-container\">\n<div class=\"product-specs-list-container\">\n<h4>Aspirador de P\u00f3 Sem Fio para Carro Storm Suction 95000PA<\/h4>\n<\/div>\n<div class=\"detailmodule_html\">\n<div class=\"detail-desc-decorate-richtext\">\n<div class=\"detailmodule_html\">\n<div class=\"detail-desc-decorate-richtext\">\n<div align=\"start\">\n<p>Vers\u00e3o Atualizada:<\/p>\n<ul>\n<li>Cor: Tira<\/li>\n<li>Material do Produto: ABS<\/li>\n<li>Motor: Novo motor Brushless upgrated<\/li>\n<li>Grau do v\u00e1cuo: 95000PA<\/li>\n<li>Velocidade nominal: 35500rpm<\/li>\n<li>Capacidade de bateria de l\u00edtio: 2*2000mAh<\/li>\n<li>Carregamento modo: 5V USB impulso carregamento linha<\/li>\n<li>Pot\u00eancia nominal: 120W<\/li>\n<li>Ru\u00eddo: \u2264 52dB<\/li>\n<li>Temperatura operacional: \u2013 20 \u2103 ~ + 50 \u2103<\/li>\n<li>Peso: 550g<\/li>\n<\/ul>\n<p>Vers\u00e3o B\u00e1sica:<\/p>\n<ul>\n<li>Cor: Cinza<\/li>\n<li>Material do Produto: ABS<\/li>\n<li>Motor: Motor ordin\u00e1rio<\/li>\n<li>Grau do v\u00e1cuo: 15000PA<\/li>\n<li>Velocidade nominal: 15500rpm<\/li>\n<li>Capacidade de bateria de l\u00edtio: 2*2000mAh<\/li>\n<li>Carregamento modo: 5V USB impulso carregamento linha<\/li>\n<li>Pot\u00eancia nominal: 120W<\/li>\n<li>Ru\u00eddo: \u2264 52dB<\/li>\n<li>Temperatura operacional: \u2013 20 \u2103 ~ + 50 \u2103<\/li>\n<li>Peso: 520g<\/li>\n<\/ul>\n<p>Recursos e Descri\u00e7\u00e3o Detalhada:<\/p>\n<ul>\n<li>Aspirador port\u00e1til do ve\u00edculo com fun\u00e7\u00e3o de limpar carros, aspirar, soprar poeira, soprar bal\u00f5es, entre outros.<\/li>\n<li>O aspirador possui um chip inteligente com fun\u00e7\u00e3o de bloqueio infantil para evitar o acionamento acidental por crian\u00e7as.<\/li>\n<li>Modo Normal: Pressionar o interruptor por 3 segundos para ligar o aspirador em modo normal, adequado para limpeza de \u00e1reas pequenas.<\/li>\n<li>Modo Super: Pressionar o interruptor por 3 segundos e pression\u00e1-lo novamente para entrar no modo super com maior suc\u00e7\u00e3o, ideal para limpeza profunda de fendas (dispon\u00edvel apenas na vers\u00e3o PRO).<\/li>\n<li>Motor especial de avia\u00e7\u00e3o com tecnologia avan\u00e7ada proporcionando alta pot\u00eancia e velocidade de at\u00e9 355000rPm.<\/li>\n<li>Design mudo e confort\u00e1vel com desempenho poderoso e voz constante.<\/li>\n<li>Otimiza\u00e7\u00e3o do duto de ar e apertado engajamento de componentes para redu\u00e7\u00e3o de ru\u00eddo e vibra\u00e7\u00e3o.<\/li>\n<li>Motor equipado com ru\u00eddo de redu\u00e7\u00e3o brushless da fric\u00e7\u00e3o do rotor.<\/li>\n<li>Dura\u00e7\u00e3o da bateria de longa dura\u00e7\u00e3o, permitindo limpeza em carros e casa.<\/li>\n<li>Microplaqueta de convers\u00e3o da frequ\u00eancia do Duplo-n\u00facleo para monitora\u00e7\u00e3o e ajuste inteligente da fonte de alimenta\u00e7\u00e3o.<\/li>\n<li>Sistema de refrigera\u00e7\u00e3o do ar para opera\u00e7\u00e3o cont\u00ednua e excelente do bloco da bateria.<\/li>\n<li>Possui bocais e acess\u00f3rios para limpeza em diversas situa\u00e7\u00f5es.<\/li>\n<\/ul>\n<p>Nota: A vers\u00e3o PRO possui a fun\u00e7\u00e3o de modo super.<\/p>\n<p>O aspirador de p\u00f3 sem fio para carro Storm Suction 95000PA \u00e9 uma solu\u00e7\u00e3o poderosa e eficiente para a limpeza em carros, casa e escrit\u00f3rio, proporcionando alto grau de v\u00e1cuo e excelente desempenho. Com sua tecnologia atualizada e bateria de longa dura\u00e7\u00e3o, o aspirador oferece facilidade e praticidade na limpeza di\u00e1ria. A marca SUITU garante qualidade e confiabilidade em seus produtos.<\/p>\n<\/div>\n<div align=\"start\"><img decoding=\"async\" class=\"detail-desc-decorate-image aligncenter\" src=\"https:\/\/ae01.alicdn.com\/kf\/Sba1f19e5ebf14e9396b217b80db6a39a1.jpg?width=1000&amp;height=1000&amp;hash=2000\" \/><\/div>\n<div align=\"start\">\n<div><img decoding=\"async\" class=\"detail-desc-decorate-image aligncenter\" src=\"https:\/\/ae01.alicdn.com\/kf\/Sffed6c0e807f45518a0b4df0e54f0917h.jpg?width=1000&amp;height=1000&amp;hash=2000\" \/><\/div>\n<\/div>\n<div align=\"start\"><img decoding=\"async\" class=\"detail-desc-decorate-image aligncenter\" src=\"https:\/\/ae01.alicdn.com\/kf\/Scf6851533b6b49738f27a417d291ae84H.jpg?width=1000&amp;height=1000&amp;hash=2000\" \/><\/div>\n<div align=\"start\">\n<p><img decoding=\"async\" class=\"detail-desc-decorate-image aligncenter\" src=\"https:\/\/ae01.alicdn.com\/kf\/S435c3174d7f0414ebd5bc9237dfdfe7eT.jpg?width=790&amp;height=1500&amp;hash=2290\" \/><\/p>\n<p><img decoding=\"async\" class=\"detail-desc-decorate-image aligncenter\" src=\"https:\/\/ae01.alicdn.com\/kf\/S54e015607a00433ab99bb176c6c275265.jpg?width=790&amp;height=880&amp;hash=1670\" \/><\/p>\n<p><img decoding=\"async\" class=\"detail-desc-decorate-image aligncenter\" src=\"https:\/\/ae01.alicdn.com\/kf\/S6eae482e9f6340d7bf2ddf2a97dc3311R.jpg?width=790&amp;height=1500&amp;hash=2290\" \/><\/p>\n<p><img decoding=\"async\" class=\"detail-desc-decorate-image aligncenter\" src=\"https:\/\/ae01.alicdn.com\/kf\/S641dd78e4d5449bba9dcfb2e6f0f5773f.jpg?width=790&amp;height=1501&amp;hash=2291\" \/><\/p>\n<p><img decoding=\"async\" class=\"detail-desc-decorate-image aligncenter\" src=\"https:\/\/ae01.alicdn.com\/kf\/Sd9b0f87b0ee0462abaa15e9731f7ee1fr.jpg?width=790&amp;height=1813&amp;hash=2603\" \/><\/p>\n<p><img decoding=\"async\" class=\"detail-desc-decorate-image aligncenter\" src=\"https:\/\/ae01.alicdn.com\/kf\/S93f6d1b046614a68a9349bba4cb798b3V.jpg?width=790&amp;height=1500&amp;hash=2290\" \/><\/p>\n<p><img decoding=\"async\" class=\"detail-desc-decorate-image aligncenter\" src=\"https:\/\/ae01.alicdn.com\/kf\/Sa4948917ebb742c086d3ef3e82175541j.jpg?width=790&amp;height=1356&amp;hash=2146\" \/><\/p>\n<p><img decoding=\"async\" class=\"detail-desc-decorate-image aligncenter\" src=\"https:\/\/ae01.alicdn.com\/kf\/S197a2f9433cd408ca9e6e36bcc39e683p.jpg?width=790&amp;height=695&amp;hash=1485\" \/><\/p>\n<p><img decoding=\"async\" class=\"detail-desc-decorate-image aligncenter\" src=\"https:\/\/ae01.alicdn.com\/kf\/S07bc9878fd434db2a324922642386afdO.jpg?width=790&amp;height=1501&amp;hash=2291\" \/><\/p>\n<\/div>\n<div align=\"start\"><\/div>\n<div><\/div>\n<\/div>\n<\/div>\n<\/div>\n<\/div>\n<\/div>\n<div class=\"detailmodule_html\">\n<div class=\"detail-desc-decorate-richtext\">\n<div class=\"detailmodule_html\">\n<div class=\"detail-desc-decorate-richtext\">\n<div style=\", roboto, arial, helvetica, sans-serif, simsun;font-size: 14px; font-weight: 400; letter-spacing: normal; text-align: start; margin: 0px; padding: 0px;\" align=\"start\">\n<div style=\"margin: 0px; padding: 0px;\"><\/div>\n<\/div>\n<div style=\", roboto, arial, helvetica, sans-serif, simsun;font-size: 14px; font-weight: 400; letter-spacing: normal; text-align: start; margin: 0px; padding: 0px;\" align=\"start\">\n<div style=\"margin: 0px; padding: 0px;\"><\/div>\n<\/div>\n<div style=\", roboto, arial, helvetica, sans-serif, simsun;font-size: 14px; font-weight: 400; letter-spacing: normal; text-align: start; margin: 0px; padding: 0px;\" align=\"start\"><\/div>\n<div style=\", roboto, arial, helvetica, sans-serif, simsun;font-size: 14px; font-weight: 400; letter-spacing: normal; text-align: start; margin: 0px; padding: 0px;\" align=\"start\"><\/div>\n<div><\/div>\n<\/div>\n<\/div>\n<\/div>\n<\/div>\n","protected":false},"excerpt":{"rendered":"<p>Aspirador de P\u00f3 Sem Fio para Carro Storm Suction 95000PA Vers\u00e3o Atualizada: Cor: Tira Material do Produto: ABS Motor: Novo<\/p>\n","protected":false},"featured_media":17642,"comment_status":"open","ping_status":"closed","template":"","meta":[],"product_brand":[],"product_cat":[223,216],"product_tag":[],"class_list":{"0":"post-17641","1":"product","2":"type-product","3":"status-publish","4":"has-post-thumbnail","6":"product_cat-acessorios","7":"product_cat-automotivo","9":"first","10":"instock","11":"sale","12":"shipping-taxable","13":"purchasable","14":"product-type-variable"},"_links":{"self":[{"href":"https:\/\/conexaototalmkt.tk\/dropzone\/wp-json\/wp\/v2\/product\/17641","targetHints":{"allow":["GET"]}}],"collection":[{"href":"https:\/\/conexaototalmkt.tk\/dropzone\/wp-json\/wp\/v2\/product"}],"about":[{"href":"https:\/\/conexaototalmkt.tk\/dropzone\/wp-json\/wp\/v2\/types\/product"}],"replies":[{"embeddable":true,"href":"https:\/\/conexaototalmkt.tk\/dropzone\/wp-json\/wp\/v2\/comments?post=17641"}],"version-history":[{"count":2,"href":"https:\/\/conexaototalmkt.tk\/dropzone\/wp-json\/wp\/v2\/product\/17641\/revisions"}],"predecessor-version":[{"id":17665,"href":"https:\/\/conexaototalmkt.tk\/dropzone\/wp-json\/wp\/v2\/product\/17641\/revisions\/17665"}],"wp:featuredmedia":[{"embeddable":true,"href":"https:\/\/conexaototalmkt.tk\/dropzone\/wp-json\/wp\/v2\/media\/17642"}],"wp:attachment":[{"href":"https:\/\/conexaototalmkt.tk\/dropzone\/wp-json\/wp\/v2\/media?parent=17641"}],"wp:term":[{"taxonomy":"product_brand","embeddable":true,"href":"https:\/\/conexaototalmkt.tk\/dropzone\/wp-json\/wp\/v2\/product_brand?post=17641"},{"taxonomy":"product_cat","embeddable":true,"href":"https:\/\/conexaototalmkt.tk\/dropzone\/wp-json\/wp\/v2\/product_cat?post=17641"},{"taxonomy":"product_tag","embeddable":true,"href":"https:\/\/conexaototalmkt.tk\/dropzone\/wp-json\/wp\/v2\/product_tag?post=17641"}],"curies":[{"name":"wp","href":"https:\/\/api.w.org\/{rel}","templated":true}]}}