{"id":17616,"date":"2023-08-01T18:02:56","date_gmt":"2023-08-01T21:02:56","guid":{"rendered":"https:\/\/conexaototalmkt.tk\/dropzone\/produto\/aspirador-de-po-sem-fio-para-carro-ddradon-8000pa\/"},"modified":"2023-08-02T06:11:24","modified_gmt":"2023-08-02T09:11:24","slug":"aspirador-de-po-sem-fio-para-carro-ddradon-8000pa","status":"publish","type":"product","link":"https:\/\/conexaototalmkt.tk\/dropzone\/produto\/aspirador-de-po-sem-fio-para-carro-ddradon-8000pa\/","title":{"rendered":"Aspirador de P\u00f3 Sem Fio para Carro Ddradon XC80 8000PA"},"content":{"rendered":"<h4>Aspirador de P\u00f3 Sem Fio para Carro Ddradon XC80 8000PA<\/h4>\n<div class=\"product-specs-list-container\">\n<p>Caracter\u00edsticas especiais: Funciona com Carro ou Casa Tipo de material: ABS (Acrilonitrila Butadieno Estireno) Peso do Item: 0,62 kg Altura do item: 15,7 cm Largura do item: 7,2 cm Comprimento do Item: 24,4 cm Certificado de teste externo: CE (Conformidade Europeia) Nome do Modelo: XC80 Nome da marca: DDRADON Origem: CN (China) Tipo de item: Aspirador de p\u00f3 Certificado: CE (Conformidade Europeia)<\/p>\n<p>Especifica\u00e7\u00f5es e Recursos:<\/p>\n<ul>\n<li>Suc\u00e7\u00e3o forte de 8000 Pa: Este aspirador possui uma poderosa suc\u00e7\u00e3o de 8000 Pa, adequada para limpeza em carros, casas e escrit\u00f3rios.<\/li>\n<li>Motor de cobre puro: O aspirador \u00e9 equipado com um motor de cobre puro que \u00e9 resistente \u00e0 corros\u00e3o e fornece uma alta pot\u00eancia de suc\u00e7\u00e3o de 8000 Pa.<\/li>\n<li>Bateria incorporada de 4000 mAh: A capacidade da bateria foi atualizada para 4000 mAh, tornando-a maior e mais segura. Com uma carga completa, o aspirador pode funcionar continuamente por aproximadamente 30 minutos.<\/li>\n<li>Tamanho compacto, f\u00e1cil de armazenar: O design mini do aspirador permite que ele seja facilmente armazenado no porta-copos do carro ou na caixa de armazenamento do ve\u00edculo.<\/li>\n<li>Filtro lav\u00e1vel: O filtro pode ser desmontado e lavado com \u00e1gua, permitindo o reuso v\u00e1rias vezes. (O filtro tamb\u00e9m pode ser adquirido separadamente).<\/li>\n<li>Dois acess\u00f3rios de bocal: O produto \u00e9 acompanhado por um bocal largo, um bocal de suc\u00e7\u00e3o longo e uma ponta de suc\u00e7\u00e3o com escova, possibilitando a limpeza eficiente de diversos tipos de sujeira.<\/li>\n<\/ul>\n<p>Detalhes do produto:<\/p>\n<ul>\n<li>Lista do pacote 8000Pa (Cor Preto\/Branco\/Verde): 1 x Aspirador (Preto, Branco ou Verde) 1 x Bocal de suc\u00e7\u00e3o largo 1 x Bocal de suc\u00e7\u00e3o longo 1 x Bocal de suc\u00e7\u00e3o com escova 1 x Filtro 1 x Manual de uso<\/li>\n<\/ul>\n<p>Este aspirador de p\u00f3 da marca DDRADON \u00e9 uma op\u00e7\u00e3o conveniente e eficaz para a limpeza em diversas situa\u00e7\u00f5es. Com sua suc\u00e7\u00e3o forte, motor de cobre puro e bateria de longa dura\u00e7\u00e3o, \u00e9 uma ferramenta vers\u00e1til para manter seu carro, casa ou escrit\u00f3rio limpos e organizados.<\/p>\n<\/div>\n<div class=\"detailmodule_html\">\n<div class=\"detail-desc-decorate-richtext\">\n<div class=\"detailmodule_html\">\n<div class=\"detail-desc-decorate-richtext\">\n<div class=\"detailmodule_text-image\"><\/div>\n<div class=\"detailmodule_text-image\"><img decoding=\"async\" class=\"detail-desc-decorate-image aligncenter\" src=\"https:\/\/ae01.alicdn.com\/kf\/Hd45a4a91ef13407d8f38d0658325d6b4V.jpg\" \/><img decoding=\"async\" class=\"detail-desc-decorate-image aligncenter\" src=\"https:\/\/ae01.alicdn.com\/kf\/H30086143b88b415aa34705137915f3ece.jpg\" \/><\/div>\n<div class=\"detailmodule_text-image\">\n<div><img decoding=\"async\" class=\"detail-desc-decorate-image aligncenter\" style=\"margin-bottom: 10px;\" src=\"https:\/\/ae01.alicdn.com\/kf\/Hb5a5c7ffb354434c8c3083cb448bf3d22.jpg\" \/><img decoding=\"async\" class=\"detail-desc-decorate-image aligncenter\" src=\"https:\/\/ae01.alicdn.com\/kf\/Hc4e06d9cab47464eaf13308ffe0d8c09K.jpg\" \/><\/div>\n<\/div>\n<div class=\"detailmodule_text-image\">\n<div><img decoding=\"async\" class=\"detail-desc-decorate-image aligncenter\" style=\"margin-bottom: 10px;\" src=\"https:\/\/ae01.alicdn.com\/kf\/H1008b61c2c9e469eaa976583b48d91c1K.jpg\" \/><\/div>\n<\/div>\n<div class=\"detailmodule_text-image\">\n<div><img decoding=\"async\" class=\"detail-desc-decorate-image aligncenter\" src=\"https:\/\/ae01.alicdn.com\/kf\/H8680d1337bac49558f4614e9bbc4fa1fb.jpg\" \/><img decoding=\"async\" class=\"detail-desc-decorate-image aligncenter\" style=\"margin-bottom: 10px;\" src=\"https:\/\/ae01.alicdn.com\/kf\/H338f22e7ceae49409cb143ea71389a139.jpg\" \/><\/div>\n<\/div>\n<div class=\"detailmodule_text-image\">\n<div><img decoding=\"async\" class=\"detail-desc-decorate-image aligncenter\" src=\"https:\/\/ae01.alicdn.com\/kf\/H9c5b79f88b8343759cb4bfc300cd8d7cJ.jpg\" \/><img decoding=\"async\" class=\"detail-desc-decorate-image aligncenter\" src=\"https:\/\/ae01.alicdn.com\/kf\/H146951444ff041179a8d17b6c1d64079a.jpg\" \/><\/div>\n<\/div>\n<div class=\"detailmodule_text-image\"><img decoding=\"async\" class=\"detail-desc-decorate-image aligncenter\" style=\"margin-bottom: 10px;\" src=\"https:\/\/ae01.alicdn.com\/kf\/H4e6dbd7ea5214321b851414de3a7c4dfM.jpg\" \/><\/div>\n<div class=\"detailmodule_text-image\">\n<div><img decoding=\"async\" class=\"detail-desc-decorate-image aligncenter\" style=\"margin-bottom: 10px;\" src=\"https:\/\/ae01.alicdn.com\/kf\/H8d9f969d663a49df89775b0bf56562a3H.jpg\" \/><\/div>\n<\/div>\n<div class=\"detailmodule_text-image\">\n<div><img decoding=\"async\" class=\"detail-desc-decorate-image aligncenter\" style=\"margin-bottom: 10px;\" src=\"https:\/\/ae01.alicdn.com\/kf\/H7ad7139cf010401881386b84ea75adb2A.jpg\" \/><\/div>\n<\/div>\n<div class=\"detailmodule_text-image\">\n<div><img decoding=\"async\" class=\"detail-desc-decorate-image aligncenter\" style=\"margin-bottom: 10px;\" src=\"https:\/\/ae01.alicdn.com\/kf\/H167f2843e2e14fc89effce13223959f96.jpg\" \/><\/div>\n<\/div>\n<div class=\"detailmodule_text-image\">\n<div><img decoding=\"async\" class=\"detail-desc-decorate-image aligncenter\" style=\"margin-bottom: 10px;\" src=\"https:\/\/ae01.alicdn.com\/kf\/Hd46de76bc2884fc9b1156cdbe07e1b25M.jpg\" \/><\/div>\n<\/div>\n<div class=\"detailmodule_text-image\">\n<div><img decoding=\"async\" class=\"detail-desc-decorate-image aligncenter\" src=\"https:\/\/ae01.alicdn.com\/kf\/H7ac7755c888a4715accf185d5c9570422.jpg\" \/><\/div>\n<\/div>\n<div class=\"detailmodule_text-image\"><img decoding=\"async\" class=\"detail-desc-decorate-image aligncenter\" src=\"https:\/\/ae01.alicdn.com\/kf\/Hbca343a0ee564b1d8c2d162cba323e53J.jpg\" \/><\/div>\n<\/div>\n<\/div>\n<p>&nbsp;<\/p>\n<\/div>\n<\/div>\n","protected":false},"excerpt":{"rendered":"<p>Aspirador de P\u00f3 Sem Fio para Carro Ddradon XC80 8000PA Caracter\u00edsticas especiais: Funciona com Carro ou Casa Tipo de material:<\/p>\n","protected":false},"featured_media":17617,"comment_status":"open","ping_status":"closed","template":"","meta":[],"product_brand":[],"product_cat":[223,216,220],"product_tag":[],"class_list":{"0":"post-17616","1":"product","2":"type-product","3":"status-publish","4":"has-post-thumbnail","6":"product_cat-acessorios","7":"product_cat-automotivo","8":"product_cat-descobertas","10":"first","11":"instock","12":"shipping-taxable","13":"purchasable","14":"product-type-variable"},"_links":{"self":[{"href":"https:\/\/conexaototalmkt.tk\/dropzone\/wp-json\/wp\/v2\/product\/17616","targetHints":{"allow":["GET"]}}],"collection":[{"href":"https:\/\/conexaototalmkt.tk\/dropzone\/wp-json\/wp\/v2\/product"}],"about":[{"href":"https:\/\/conexaototalmkt.tk\/dropzone\/wp-json\/wp\/v2\/types\/product"}],"replies":[{"embeddable":true,"href":"https:\/\/conexaototalmkt.tk\/dropzone\/wp-json\/wp\/v2\/comments?post=17616"}],"version-history":[{"count":2,"href":"https:\/\/conexaototalmkt.tk\/dropzone\/wp-json\/wp\/v2\/product\/17616\/revisions"}],"predecessor-version":[{"id":17663,"href":"https:\/\/conexaototalmkt.tk\/dropzone\/wp-json\/wp\/v2\/product\/17616\/revisions\/17663"}],"wp:featuredmedia":[{"embeddable":true,"href":"https:\/\/conexaototalmkt.tk\/dropzone\/wp-json\/wp\/v2\/media\/17617"}],"wp:attachment":[{"href":"https:\/\/conexaototalmkt.tk\/dropzone\/wp-json\/wp\/v2\/media?parent=17616"}],"wp:term":[{"taxonomy":"product_brand","embeddable":true,"href":"https:\/\/conexaototalmkt.tk\/dropzone\/wp-json\/wp\/v2\/product_brand?post=17616"},{"taxonomy":"product_cat","embeddable":true,"href":"https:\/\/conexaototalmkt.tk\/dropzone\/wp-json\/wp\/v2\/product_cat?post=17616"},{"taxonomy":"product_tag","embeddable":true,"href":"https:\/\/conexaototalmkt.tk\/dropzone\/wp-json\/wp\/v2\/product_tag?post=17616"}],"curies":[{"name":"wp","href":"https:\/\/api.w.org\/{rel}","templated":true}]}}